{"id":146,"date":"2009-08-13T22:07:40","date_gmt":"2009-08-13T21:07:40","guid":{"rendered":"http:\/\/www.superandy.se\/?page_id=146"},"modified":"2017-08-30T14:11:43","modified_gmt":"2017-08-30T12:11:43","slug":"om-superandy","status":"publish","type":"page","link":"https:\/\/www.superandy.se\/index.php\/om-superandy\/","title":{"rendered":"Om SuperAndy"},"content":{"rendered":"<h3>Vem \u00e4r SuperAndy?<\/h3>\n<ul>\n<li><img loading=\"lazy\" decoding=\"async\" class=\"alignright size-medium wp-image-158\" style=\"margin: 5px 15px;\" title=\"anders\" src=\"http:\/\/www.superandy.se\/wp-content\/uploads\/2009\/09\/img_0010-213x300.jpg\" alt=\"\" width=\"213\" height=\"300\" align=\"right\" srcset=\"https:\/\/www.superandy.se\/wp-content\/uploads\/2009\/09\/img_0010-213x300.jpg 213w, https:\/\/www.superandy.se\/wp-content\/uploads\/2009\/09\/img_0010.jpg 302w\" sizes=\"auto, (max-width: 213px) 100vw, 213px\" \/>SuperAndy heter egentligen Anders och \u00e4r 38 \u00e5r ung<\/li>\n<li>SuperAndy \u00e4lskar sport<\/li>\n<li>SuperAndy bor i Nyk\u00f6ping<\/li>\n<li>SuperAndy \u00e4r duktig p\u00e5 Internetmarknadsf\u00f6ring<\/li>\n<li>SuperAndy \u00e4r examinerad Idrottspsykolog (om man f\u00e5r kalla sig det trots att man inte doktorerat)<\/li>\n<li>SuperAndy har tidigare jobbat som coach &amp; l\u00e4rlingssamordnare i ett projekt f\u00f6r arbetsl\u00f6sa<\/li>\n<li>SuperAndy f\u00f6rs\u00f6rjer sig p\u00e5 sitt f\u00f6retag<\/li>\n<li>SuperAndy uppskattar verkligen brittisk humor, men ocks\u00e5 den svenska<\/li>\n<li>SuperAndy vill alltid bli b\u00e4ttre och alltid veta mer<\/li>\n<\/ul>\n<p>Ni kan l\u00e4sa mer om mig p\u00e5 min sajt <a title=\"Anders Granstr\u00f6m\" href=\"http:\/\/andersgranstrom.se\/\" target=\"_blank\" rel=\"noopener\">Anders Granstr\u00f6m.se<\/a>.<\/p>\n<p>Om du vill komma i kontakt med med s\u00e5 kan du mejla p\u00e5 anders [a] levlivet.nu<\/p>\n","protected":false},"excerpt":{"rendered":"<p>Vem \u00e4r SuperAndy? SuperAndy heter egentligen Anders och \u00e4r 38 \u00e5r ung SuperAndy \u00e4lskar sport SuperAndy bor i Nyk\u00f6ping SuperAndy \u00e4r duktig p\u00e5 Internetmarknadsf\u00f6ring SuperAndy \u00e4r examinerad Idrottspsykolog (om man f\u00e5r kalla sig det trots att man inte doktorerat) SuperAndy har tidigare jobbat som coach &amp; l\u00e4rlingssamordnare i ett projekt f\u00f6r arbetsl\u00f6sa SuperAndy f\u00f6rs\u00f6rjer sig [&hellip;]<\/p>\n","protected":false},"author":1,"featured_media":0,"parent":0,"menu_order":1,"comment_status":"open","ping_status":"open","template":"","meta":{"footnotes":""},"class_list":["post-146","page","type-page","status-publish","hentry"],"_links":{"self":[{"href":"https:\/\/www.superandy.se\/index.php\/wp-json\/wp\/v2\/pages\/146","targetHints":{"allow":["GET"]}}],"collection":[{"href":"https:\/\/www.superandy.se\/index.php\/wp-json\/wp\/v2\/pages"}],"about":[{"href":"https:\/\/www.superandy.se\/index.php\/wp-json\/wp\/v2\/types\/page"}],"author":[{"embeddable":true,"href":"https:\/\/www.superandy.se\/index.php\/wp-json\/wp\/v2\/users\/1"}],"replies":[{"embeddable":true,"href":"https:\/\/www.superandy.se\/index.php\/wp-json\/wp\/v2\/comments?post=146"}],"version-history":[{"count":5,"href":"https:\/\/www.superandy.se\/index.php\/wp-json\/wp\/v2\/pages\/146\/revisions"}],"predecessor-version":[{"id":1210,"href":"https:\/\/www.superandy.se\/index.php\/wp-json\/wp\/v2\/pages\/146\/revisions\/1210"}],"wp:attachment":[{"href":"https:\/\/www.superandy.se\/index.php\/wp-json\/wp\/v2\/media?parent=146"}],"curies":[{"name":"wp","href":"https:\/\/api.w.org\/{rel}","templated":true}]}}