{"id":540,"date":"2011-02-07T15:16:35","date_gmt":"2011-02-07T14:16:35","guid":{"rendered":"http:\/\/www.superandy.se\/index.php\/"},"modified":"2017-08-30T14:05:48","modified_gmt":"2017-08-30T12:05:48","slug":"domaner-till-salu","status":"publish","type":"page","link":"https:\/\/www.superandy.se\/index.php\/domaner-till-salu\/","title":{"rendered":"Dom\u00e4ner till salu"},"content":{"rendered":"<p><strong>Alla priser \u00e4r exklusive moms! K\u00f6paren st\u00e5r f\u00f6r eventuella \u00f6verl\u00e5telseavgifter!<\/strong><\/p>\n<p>Dags att rensa upp i min dom\u00e4nportf\u00f6lj och s\u00e4lja av n\u00e5gra. En del av dom\u00e4nerna \u00e4r indexerade (med enbart startsida), en del \u00e4r en fullst\u00e4ndig sajt medan n\u00e5gra saknar helt inneh\u00e5ll. Det \u00e4r \u00f6ppet att l\u00e4mna bud p\u00e5 dom\u00e4ner (eller &#8221;paket&#8221;), men buden ska vara rimliga f\u00f6r att jag ska ta dem i beaktande. Ni kan n\u00e5 mig p\u00e5 info @ levlivet.nu.<\/p>\n<p>Skulle l\u00e4gga bud p\u00e5 m\u00e5nga eller p\u00e5 samtliga dom\u00e4ner s\u00e5 f\u00e5r ni naturligtvis m\u00e4ngdrabatt.<\/p>\n<p>aminosyra.nu<br \/>\nbabygym.nu<br \/>\nbetyg.nu<br \/>\nbilbana.nu<br \/>\ncars.nu<br \/>\nchesterfieldsoffa.se &amp; chesterfieldsoffa.nu<br \/>\ncigarett.nu<br \/>\ndiscount.nu<br \/>\ndockvagn.nu<br \/>\ne-biljett.se<br \/>\nf\u00f6rlovning.nu<br \/>\ngarderob.nu<br \/>\nhammockar.se<br \/>\nhybridbil.nu<br \/>\nivfbehandling.se<br \/>\nkamin.nu<br \/>\nkaloritabell.nu<br \/>\nkg.nu<br \/>\nkristall.se &amp; kristall.nu<br \/>\nland.nu<br \/>\nlandsnummer.nu<br \/>\nloftsang.nu<br \/>\nnikotin.nu<br \/>\npendla.nu<br \/>\nplantera.nu<br \/>\nplommon.se<br \/>\nregnr.se<br \/>\nsjalvtest.nu<br \/>\nskyddsmask.nu<br \/>\nspj\u00e4lskydd.nu<br \/>\ns\u00e4ngram.se<br \/>\nvagn.nu<br \/>\nvideoklipp.nu<br \/>\nv\u00e4xter.se<br \/>\n\u00f6ppenspis.nu<\/p>\n","protected":false},"excerpt":{"rendered":"<p>Alla priser \u00e4r exklusive moms! K\u00f6paren st\u00e5r f\u00f6r eventuella \u00f6verl\u00e5telseavgifter! Dags att rensa upp i min dom\u00e4nportf\u00f6lj och s\u00e4lja av n\u00e5gra. En del av dom\u00e4nerna \u00e4r indexerade (med enbart startsida), en del \u00e4r en fullst\u00e4ndig sajt medan n\u00e5gra saknar helt inneh\u00e5ll. Det \u00e4r \u00f6ppet att l\u00e4mna bud p\u00e5 dom\u00e4ner (eller &#8221;paket&#8221;), men buden ska vara [&hellip;]<\/p>\n","protected":false},"author":1,"featured_media":0,"parent":0,"menu_order":3,"comment_status":"open","ping_status":"open","template":"","meta":{"footnotes":""},"class_list":["post-540","page","type-page","status-publish","hentry"],"_links":{"self":[{"href":"https:\/\/www.superandy.se\/index.php\/wp-json\/wp\/v2\/pages\/540","targetHints":{"allow":["GET"]}}],"collection":[{"href":"https:\/\/www.superandy.se\/index.php\/wp-json\/wp\/v2\/pages"}],"about":[{"href":"https:\/\/www.superandy.se\/index.php\/wp-json\/wp\/v2\/types\/page"}],"author":[{"embeddable":true,"href":"https:\/\/www.superandy.se\/index.php\/wp-json\/wp\/v2\/users\/1"}],"replies":[{"embeddable":true,"href":"https:\/\/www.superandy.se\/index.php\/wp-json\/wp\/v2\/comments?post=540"}],"version-history":[{"count":4,"href":"https:\/\/www.superandy.se\/index.php\/wp-json\/wp\/v2\/pages\/540\/revisions"}],"predecessor-version":[{"id":1169,"href":"https:\/\/www.superandy.se\/index.php\/wp-json\/wp\/v2\/pages\/540\/revisions\/1169"}],"wp:attachment":[{"href":"https:\/\/www.superandy.se\/index.php\/wp-json\/wp\/v2\/media?parent=540"}],"curies":[{"name":"wp","href":"https:\/\/api.w.org\/{rel}","templated":true}]}}